lculate the remainder when 45255 is divided by 1779.
780
Calculate the remainder when 7407496 is divided by 185187.
16
What is the remainder when 30282 is divided by 1936?
1242
Calculate the remainder when 1399889 is divided by 337.
328
What is the remainder when 12447435 is divided by 80?
75
What is the remainder when 4407 is divided by 2448?
1959
Calculate the remainder when 843968 is divided by 27221.
117
Calculate the remainder when 2360084 is divided by 1180022.
40
Calculate the remainder when 4424957 is divided by 159.
146
Calculate the remainder when 37043 is divided by 3079.
95
Calculate the remainder when 220932 is divided by 863.
4
Calculate the remainder when 46512681 is divided by 23256329.
23
What is the remainder when 9739657 is divided by 16?
9
Calculate the remainder when 2521372 is divided by 840457.
1
Calculate the remainder when 184908 is divided by 8339.
1450
What is the remainder when 77695 is divided by 5740?
3075
Calculate the remainder when 23747769 is divided by 7915921.
6
What is the remainder when 4160957 is divided by 1697?
1610
Calculate the remainder when 287964 is divided by 287746.
218
What is the remainder when 2686220 is divided by 13?
4
Calculate the remainder when 123716339 is divided by 10.
9
What is the remainder when 81810415 is divided by 527?
516
What is the remainder when 24919134 is divided by 5581?
5550
What is the remainder when 1558703 is divided by 9928?
7
What is the remainder when 6149250 is divided by 3074621?
8
Calculate the remainder when 21725 is divided by 3617.
23
What is the remainder when 4592839 is divided by 1259?
7
What is the remainder when 2800 is divided by 714?
658
Calculate the remainder when 793392 is divided by 4700.
3792
What is the remainder when 22609 is divided by 19326?
3283
What is the remainder when 6322376 is divided by 20?
16
What is the remainder when 3503085 is divided by 145?
30
What is the remainder when 16596418 is divided by 57229?
8
What is the remainder when 291752 is divided by 31?
11
Calculate the remainder when 222170 is divided by 1515.
980
What is the remainder when 190647 is divided by 19064?
7
Calculate the remainder when 49970593 is divided by 2549.
2546
Calculate the remainder when 102558797 is divided by 125839.
12
Calculate the remainder when 2453909 is divided by 23.
16
Calculate the remainder when 18245 is divided by 9000.
245
What is the remainder when 82376 is divided by 8186?
516
Calculate the remainder when 106808524 is divided by 53.
9
Calculate the remainder when 14305345 is divided by 2527.
2525
What is the remainder when 1529829 is divided by 738?
693
Calculate the remainder when 47691361 is divided by 277.
271
What is the remainder when 138952 is divided by 45317?
3001
Calculate the remainder when 662660 is divided by 1116.
872
What is the remainder when 50634 is divided by 4568?
386
What is the remainder when 34500599 is divided by 24?
23
What is the remainder when 30130 is divided by 4967?
328
Calculate the remainder when 3780290 is divided by 2099.
2090
What is the remainder when 913861 is divided by 8814?
6019
What is the remainder when 1051337 is divided by 433?
13
What is the remainder when 32287640 is divided by 5804?
5792
Calculate the remainder when 8726513 is divided by 560.
33
Calculate the remainder when 116215 is divided by 5801.
195
Calculate the remainder when 2582315 is divided by 13175.
15
What is the remainder when 75587 is divided by 327?
50
Calculate the remainder when 1027030 is divided by 2411.
2355
Calculate the remainder when 144930 is divided by 11147.
19
What is the remainder when 8895691 is divided by 2853?
37
Calculate the remainder when 502030 is divided by 1800.
1630
Calculate the remainder when 5084337 is divided by 68.
45
What is the remainder when 36850 is divided by 36714?
136
What is the remainder when 100177454 is divided by 6566?
6558
Calculate the remainder when 19381966 is divided by 3150.
16
Calculate the remainder when 50576 is divided by 1583.
1503
Calculate the remainder when 3412963 is divided by 262535.
8
Calculate the remainder when 130046 is divided by 4541.
2898
Calculate the remainder when 15382 is divided by 13041.
2341
What is the remainder when 547823 is divided by 60859?
92
What is the remainder when 1033020 is divided by 1033018?
2
Calculate the remainder when 8441808 is divided by 562785.
33
What is the remainder when 1224711 is divided by 1655?
11
Calculate the remainder when 191249 is divided by 5150.
699
What is the remainder when 35514179 is divided by 502?
189
Calculate the remainder when 23951638 is divided by 5987908.
6
What is the remainder when 87026 is divided by 8?
2
Calculate the remainder when 184019 is divided by 1935.
194
What is the remainder when 4476570 is divided by 923?
20
Calculate the remainder when 89831 is divided by 2005.
1611
What is the remainder when 968414 is divided by 3471?
5
What is the remainder when 3006515 is divided by 375814?
3
What is the remainder when 46865788 is divided by 1915?
1908
Calculate the remainder when 637260 is divided by 113.
53
What is the remainder when 119798 is divided by 29901?
194
Calculate the remainder when 21660251 is divided by 432.
203
Calculate the remainder when 82783591 is divided by 6.
1
Calculate the remainder when 1422152 is divided by 290.
282
Calculate the remainder when 181588547 is divided by 5450.
5447
What is the remainder when 51305 is divided by 5109?
215
What is the remainder when 2091231 is divided by 3830?
51
Calculate the remainder when 193580 is divided by 199.
152
Calculate the remainder when 19239909 is divided by 1131759.
6
What is the remainder when 1994474 is divided by 1327?
1320
What is the remainder when 6747061 is divided by 240966?
13
What is the remainder when 199300 is divided by 199236?
64
Calculate the remainder when 10378352 is divided by 3276.
3260
What is the remainder when 90958 is divided by 4785?
43
What is the remainder when 4301820 is divided by 10?
0
Calculate the remainder when 1426324 is divided by 1426321.
3
What is the remainder when 737169 is divided by 88?
81
What is the remainder when 134660 is divided by 33633?
128
What is the remainder when 51255281 is divided by 2612?
5
Calculate the remainder when 111246 is divided by 11084.
406
What is the remainder when 495137 is divided by 495132?
5
Calculate the remainder when 152319 is divided by 859.
276
Calculate the remainder when 5130699 is divided by 2402.
27
Calculate the remainder when 1182286 is divided by 174.
130
Calculate the remainder when 108640187 is divided by 719.
6
What is the remainder when 14154 is divided by 983?
392
What is the remainder when 655193 is divided by 32?
25
What is the remainder when 99812 is divided by 12539?
12039
Calculate the remainder when 1686770 is divided by 1187.
43
What is the remainder when 97721849 is divided by 94?
13
What is the remainder when 173463 is divided by 705?
33
What is the remainder when 3378023 is divided by 74?
71
What is the remainder when 7271806 is divided by 12?
10
Calculate the remainder when 212945458 is divided by 14196363.
13
What is the remainder when 33784137 is divided by 125?
12
What is the remainder when 3861530 is divided by 643588?
2
Calculate the remainder when 1297711 is divided by 265.
6
What is the remainder when 144915609 is divided by 58?
57
Calculate the remainder when 25570 is divided by 2771.
631
Calculate the remainder when 4209923 is divided by 25059.
11
What is the remainder when 1875259 is divided by 1458?
271
Calculate the remainder when 243704651 is divided by 656.
651
What is the remainder when 14307 is divided by 123?
39
Calculate the remainder when 4623685 is divided by 49.
45
Calculate the remainder when 7575945 is divided by 3701.
3699
What is the remainder when 97745 is divided by 1116?
653
Calculate the remainder when 208080 is divided by 3015.
45
Calculate the remainder when 164274 is divided by 22801.
4667
What is the remainder when 5828759 is divided by 17296?
7
What is the remainder when 3201884 is divided by 640356?
104
Calculate the remainder when 1515400 is divided by 14.
12
What is the remainder when 16507839 is divided by 146087?
8
What is the remainder when 371898 is divided by 153?
108
Calculate the remainder when 216770